{"id":286,"date":"2014-04-04T09:00:58","date_gmt":"2014-04-04T09:00:58","guid":{"rendered":"https:\/\/dev1.cief.org\/?page_id=286"},"modified":"2016-06-10T09:27:47","modified_gmt":"2016-06-10T09:27:47","slug":"excursions","status":"publish","type":"page","link":"https:\/\/dev1.cief.org\/?page_id=286","title":{"rendered":"Excursions"},"content":{"rendered":"<p><strong>Pri\u00e8re de consulter r\u00e9guli\u00e8rement le Bulletin du CI\u00c9F pour les derniers renseignements.<\/strong><\/p>\n<p><a href=\"https:\/\/dev1.cief.org\/wp-content\/uploads\/2014\/04\/palmier.jpg\"><img loading=\"lazy\" class=\"alignleft size-medium wp-image-462\" src=\"https:\/\/dev1.cief.org\/wp-content\/uploads\/2014\/04\/palmier-215x300.jpg\" alt=\"palmier\" width=\"215\" height=\"300\" srcset=\"https:\/\/dev1.cief.org\/wp-content\/uploads\/2014\/04\/palmier-215x300.jpg 215w, https:\/\/dev1.cief.org\/wp-content\/uploads\/2014\/04\/palmier.jpg 255w\" sizes=\"(max-width: 215px) 100vw, 215px\" \/><\/a><\/p>\n<p>&nbsp;<\/p>\n<p>Excursions propos\u00e9es :<\/p>\n<p><span style=\"color: #ff0000;\"><a style=\"color: #ff0000;\" href=\"https:\/\/dev1.cief.org\/wp-content\/uploads\/2016\/02\/Dakar-Goree.pdf\">Dakar &#8211; \u00cele de Gor\u00e9e<\/a>\u00a0<span style=\"color: #000000;\">(mercredi 25 mai 2016).<\/span><\/span><\/p>\n<p><span style=\"color: #ff0000;\"><a style=\"color: #ff0000;\" href=\"https:\/\/dev1.cief.org\/wp-content\/uploads\/2016\/02\/Bandia-lac_rose.pdf\">R\u00e9serve de Bandia &#8211; Lac Rose<\/a> <span style=\"color: #000000;\">\u00a0(samedi 28 mai 2016).<\/span><\/span><\/p>\n<p><span style=\"color: #ff0000;\"><a style=\"color: #ff0000;\" href=\"https:\/\/dev1.cief.org\/wp-content\/uploads\/2016\/02\/Iles_du_Saloum.pdf\">\u00celes du Saloum<\/a>\u00a0<span style=\"color: #000000;\">(dimanche 29 mai 2016)<\/span><\/span><\/p>\n<p>&nbsp;<\/p>\n<p>&nbsp;<\/p>\n<p>&nbsp;<\/p>\n","protected":false},"excerpt":{"rendered":"<p>Pri\u00e8re de consulter r\u00e9guli\u00e8rement le Bulletin du CI\u00c9F pour les derniers renseignements. &nbsp; Excursions propos\u00e9es : Dakar &#8211; \u00cele de Gor\u00e9e\u00a0(mercredi 25 mai 2016). R\u00e9serve de Bandia &#8211; Lac Rose \u00a0(samedi 28 mai 2016). \u00celes du Saloum\u00a0(dimanche 29 mai 2016) &nbsp; &nbsp; &nbsp;<\/p>\n","protected":false},"author":1,"featured_media":0,"parent":265,"menu_order":0,"comment_status":"closed","ping_status":"open","template":"page-congres-2016.php","meta":[],"categories":[12],"tags":[],"_links":{"self":[{"href":"https:\/\/dev1.cief.org\/index.php?rest_route=\/wp\/v2\/pages\/286"}],"collection":[{"href":"https:\/\/dev1.cief.org\/index.php?rest_route=\/wp\/v2\/pages"}],"about":[{"href":"https:\/\/dev1.cief.org\/index.php?rest_route=\/wp\/v2\/types\/page"}],"author":[{"embeddable":true,"href":"https:\/\/dev1.cief.org\/index.php?rest_route=\/wp\/v2\/users\/1"}],"replies":[{"embeddable":true,"href":"https:\/\/dev1.cief.org\/index.php?rest_route=%2Fwp%2Fv2%2Fcomments&post=286"}],"version-history":[{"count":9,"href":"https:\/\/dev1.cief.org\/index.php?rest_route=\/wp\/v2\/pages\/286\/revisions"}],"predecessor-version":[{"id":819,"href":"https:\/\/dev1.cief.org\/index.php?rest_route=\/wp\/v2\/pages\/286\/revisions\/819"}],"up":[{"embeddable":true,"href":"https:\/\/dev1.cief.org\/index.php?rest_route=\/wp\/v2\/pages\/265"}],"wp:attachment":[{"href":"https:\/\/dev1.cief.org\/index.php?rest_route=%2Fwp%2Fv2%2Fmedia&parent=286"}],"wp:term":[{"taxonomy":"category","embeddable":true,"href":"https:\/\/dev1.cief.org\/index.php?rest_route=%2Fwp%2Fv2%2Fcategories&post=286"},{"taxonomy":"post_tag","embeddable":true,"href":"https:\/\/dev1.cief.org\/index.php?rest_route=%2Fwp%2Fv2%2Ftags&post=286"}],"curies":[{"name":"wp","href":"https:\/\/api.w.org\/{rel}","templated":true}]}}

<p><strong>Prière de consulter régulièrement le Bulletin du CIÉF pour les derniers renseignements.</strong></p>
<p><a href="https://dev1.cief.org/wp-content/uploads/2014/04/palmier.jpg"><img loading="lazy" class="alignleft size-medium wp-image-462" src="https://dev1.cief.org/wp-content/uploads/2014/04/palmier-215x300.jpg" alt="palmier" width="215" height="300" srcset="https://dev1.cief.org/wp-content/uploads/2014/04/palmier-215x300.jpg 215w, https://dev1.cief.org/wp-content/uploads/2014/04/palmier.jpg 255w" sizes="(max-width: 215px) 100vw, 215px" /></a></p>
<p>&nbsp;</p>
<p>Excursions proposées :</p>
<p><span style="color: #ff0000;"><a style="color: #ff0000;" href="https://dev1.cief.org/wp-content/uploads/2016/02/Dakar-Goree.pdf">Dakar &#8211; Île de Gorée</a> <span style="color: #000000;">(mercredi 25 mai 2016).</span></span></p>
<p><span style="color: #ff0000;"><a style="color: #ff0000;" href="https://dev1.cief.org/wp-content/uploads/2016/02/Bandia-lac_rose.pdf">Réserve de Bandia &#8211; Lac Rose</a> <span style="color: #000000;"> (samedi 28 mai 2016).</span></span></p>
<p><span style="color: #ff0000;"><a style="color: #ff0000;" href="https://dev1.cief.org/wp-content/uploads/2016/02/Iles_du_Saloum.pdf">Îles du Saloum</a> <span style="color: #000000;">(dimanche 29 mai 2016)</span></span></p>
<p>&nbsp;</p>
<p>&nbsp;</p>
<p>&nbsp;</p>

<p>Prière de consulter régulièrement le Bulletin du CIÉF pour les derniers renseignements. &nbsp; Excursions proposées : Dakar &#8211; Île de Gorée (mercredi 25 mai 2016). Réserve de Bandia &#8211; Lac Rose  (samedi 28 mai 2016). Îles du Saloum (dimanche 29 mai 2016) &nbsp; &nbsp; &nbsp;</p>
