{"id":277,"date":"2014-04-04T08:47:11","date_gmt":"2014-04-04T08:47:11","guid":{"rendered":"https:\/\/dev1.cief.org\/?page_id=277"},"modified":"2017-07-13T14:02:19","modified_gmt":"2017-07-13T14:02:19","slug":"renseignements-pratiques","status":"publish","type":"page","link":"https:\/\/dev1.cief.org\/?page_id=277","title":{"rendered":"Renseignements pratiques"},"content":{"rendered":"<h4>Adh\u00e9sion au CI\u00c9F<\/h4>\n<p>Comme il est d&rsquo;usage, votre adh\u00e9sion au CI\u00c9F est requise afin de pouvoir vous inscrire et participer au congr\u00e8s. La date limite pour r\u00e9gler votre adh\u00e9sion est le 1er f\u00e9vrier 2017 au-del\u00e0 de quoi le titre de votre communication sera retir\u00e9 du programme du congr\u00e8s.<\/p>\n<h4 align=\"justify\">Inscription au congr\u00e8s<\/h4>\n<p align=\"justify\">La date limite pour jouir du tarif r\u00e9gulier est le premier mars 2017. Au-del\u00e0 de cette date, les tarifs augmenteront r\u00e9guli\u00e8rement. En cas de d\u00e9sistement, et sur demande envoy\u00e9e \u00e0 la secr\u00e9taire-tr\u00e9sori\u00e8re de l\u2019association (<a href=\"mailto:secretaire@cief.org\">secretaire@cief.org<\/a>), le CI\u00c9F remboursera 100% des frais d\u2019inscription jusqu\u2019au 28 f\u00e9vrier 2017 et 50% du 1er au 31 mars 2017. <strong>Aucun remboursement ne sera effectu\u00e9 pour les d\u00e9sistements apr\u00e8s le 31 mars 2017.<\/strong><\/p>\n<h4 align=\"justify\">Prix Jeune Chercheur<\/h4>\n<p align=\"justify\">La date limite de soumission des communications compl\u00e8tes \u00e0 la <a href=\"mailto:secretaire@cief.org\">secr\u00e9taire-tr\u00e9sori\u00e8re<\/a> est le<strong> 30 avril 2017. <\/strong>Si vous souhaitez soumettre votre communication, pri\u00e8re de consulter la <a href=\"https:\/\/dev1.cief.org\/?page_id=103\">page Prix jeune chercheur<\/a>.<strong><br \/>\n<\/strong><\/p>\n<h4>Taxis de l&rsquo;a\u00e9roport \u00e0 La Bateli\u00e8re (avec nos remerciements \u00e0 S\u00e9verine Bates)<\/h4>\n<p style=\"text-align: justify;\">Il semblerait que vous ayez le choix entre le tramway (TCSP) qui vient d&rsquo;\u00eatre mis en service et qui aurait une station \u00e0 l&rsquo;a\u00e9roport. Si vous pr\u00e9f\u00e9rez prendre un taxi, il faut pr\u00e9voir environ 80 euros en liquide ou choisir de payer par carte bancaire.<\/p>\n<p style=\"text-align: justify;\">Il exite par ailleurs des taxis collectifs ou des bus\u00a0qui desservent les diff\u00e9rents quartiers dans les diff\u00e9rentes communes de l\u2019\u00eele. Leurs prix \u00a0varient mais \u00a0ce type de transport est\u00a0plus abordable. S&rsquo;ils ne ils ne desservent pas directement l\u2019a\u00e9roport, ils desservent le secteur Lamentin-Fort-de-France et Schoelcher, et notamment L\u2019h\u00f4tel La Bateliere et le campus. Pour savoir lesquels, se rendre directement \u00e0 la gare routi\u00e8re de La Pointe Simon \u00e0 Fort-de-France pour plus de renseignements.<\/p>\n<h4>Navette et lieu du congr\u00e8s<\/h4>\n<p>Nous vous confirmons que le congr\u00e8s a bien lieu \u00e0 l&rsquo;Universit\u00e9 des Antilles &#8211; P\u00f4le Martinique, sur le campus Schoelcher, b\u00e2timent des Lettres. \u00c0 partir du lundi 26 juin et pour la dur\u00e9e du congr\u00e8s, une navette assurera le trajet entre l&rsquo;h\u00f4tel La Bateli\u00e8re et l&rsquo;Universit\u00e9 le matin (rdv \u00e0 8h15)\u00a0et le soir. Les transports en commun (bus) sont \u00e9galement disponibles pour le trajet.<\/p>\n","protected":false},"excerpt":{"rendered":"<p>Adh\u00e9sion au CI\u00c9F Comme il est d&rsquo;usage, votre adh\u00e9sion au CI\u00c9F est requise afin de pouvoir vous inscrire et participer au congr\u00e8s. La date limite pour r\u00e9gler votre adh\u00e9sion est le 1er f\u00e9vrier 2017 au-del\u00e0 de quoi le titre de votre communication sera retir\u00e9 du programme du congr\u00e8s. Inscription au congr\u00e8s La date limite pour [&hellip;]<\/p>\n","protected":false},"author":1,"featured_media":0,"parent":913,"menu_order":0,"comment_status":"closed","ping_status":"closed","template":"page-congres-2017.php","meta":[],"categories":[13],"tags":[],"_links":{"self":[{"href":"https:\/\/dev1.cief.org\/index.php?rest_route=\/wp\/v2\/pages\/277"}],"collection":[{"href":"https:\/\/dev1.cief.org\/index.php?rest_route=\/wp\/v2\/pages"}],"about":[{"href":"https:\/\/dev1.cief.org\/index.php?rest_route=\/wp\/v2\/types\/page"}],"author":[{"embeddable":true,"href":"https:\/\/dev1.cief.org\/index.php?rest_route=\/wp\/v2\/users\/1"}],"replies":[{"embeddable":true,"href":"https:\/\/dev1.cief.org\/index.php?rest_route=%2Fwp%2Fv2%2Fcomments&post=277"}],"version-history":[{"count":12,"href":"https:\/\/dev1.cief.org\/index.php?rest_route=\/wp\/v2\/pages\/277\/revisions"}],"predecessor-version":[{"id":8408,"href":"https:\/\/dev1.cief.org\/index.php?rest_route=\/wp\/v2\/pages\/277\/revisions\/8408"}],"up":[{"embeddable":true,"href":"https:\/\/dev1.cief.org\/index.php?rest_route=\/wp\/v2\/pages\/913"}],"wp:attachment":[{"href":"https:\/\/dev1.cief.org\/index.php?rest_route=%2Fwp%2Fv2%2Fmedia&parent=277"}],"wp:term":[{"taxonomy":"category","embeddable":true,"href":"https:\/\/dev1.cief.org\/index.php?rest_route=%2Fwp%2Fv2%2Fcategories&post=277"},{"taxonomy":"post_tag","embeddable":true,"href":"https:\/\/dev1.cief.org\/index.php?rest_route=%2Fwp%2Fv2%2Ftags&post=277"}],"curies":[{"name":"wp","href":"https:\/\/api.w.org\/{rel}","templated":true}]}}

<h4>Adhésion au CIÉF</h4>
<p>Comme il est d&rsquo;usage, votre adhésion au CIÉF est requise afin de pouvoir vous inscrire et participer au congrès. La date limite pour régler votre adhésion est le 1er février 2017 au-delà de quoi le titre de votre communication sera retiré du programme du congrès.</p>
<h4 align="justify">Inscription au congrès</h4>
<p align="justify">La date limite pour jouir du tarif régulier est le premier mars 2017. Au-delà de cette date, les tarifs augmenteront régulièrement. En cas de désistement, et sur demande envoyée à la secrétaire-trésorière de l’association (<a href="mailto:secretaire@cief.org">secretaire@cief.org</a>), le CIÉF remboursera 100% des frais d’inscription jusqu’au 28 février 2017 et 50% du 1er au 31 mars 2017. <strong>Aucun remboursement ne sera effectué pour les désistements après le 31 mars 2017.</strong></p>
<h4 align="justify">Prix Jeune Chercheur</h4>
<p align="justify">La date limite de soumission des communications complètes à la <a href="mailto:secretaire@cief.org">secrétaire-trésorière</a> est le<strong> 30 avril 2017. </strong>Si vous souhaitez soumettre votre communication, prière de consulter la <a href="https://dev1.cief.org/?page_id=103">page Prix jeune chercheur</a>.<strong><br />
</strong></p>
<h4>Taxis de l&rsquo;aéroport à La Batelière (avec nos remerciements à Séverine Bates)</h4>
<p style="text-align: justify;">Il semblerait que vous ayez le choix entre le tramway (TCSP) qui vient d&rsquo;être mis en service et qui aurait une station à l&rsquo;aéroport. Si vous préférez prendre un taxi, il faut prévoir environ 80 euros en liquide ou choisir de payer par carte bancaire.</p>
<p style="text-align: justify;">Il exite par ailleurs des taxis collectifs ou des bus qui desservent les différents quartiers dans les différentes communes de l’île. Leurs prix  varient mais  ce type de transport est plus abordable. S&rsquo;ils ne ils ne desservent pas directement l’aéroport, ils desservent le secteur Lamentin-Fort-de-France et Schoelcher, et notamment L’hôtel La Bateliere et le campus. Pour savoir lesquels, se rendre directement à la gare routière de La Pointe Simon à Fort-de-France pour plus de renseignements.</p>
<h4>Navette et lieu du congrès</h4>
<p>Nous vous confirmons que le congrès a bien lieu à l&rsquo;Université des Antilles &#8211; Pôle Martinique, sur le campus Schoelcher, bâtiment des Lettres. À partir du lundi 26 juin et pour la durée du congrès, une navette assurera le trajet entre l&rsquo;hôtel La Batelière et l&rsquo;Université le matin (rdv à 8h15) et le soir. Les transports en commun (bus) sont également disponibles pour le trajet.</p>

<p>Adhésion au CIÉF Comme il est d&rsquo;usage, votre adhésion au CIÉF est requise afin de pouvoir vous inscrire et participer au congrès. La date limite pour régler votre adhésion est le 1er février 2017 au-delà de quoi le titre de votre communication sera retiré du programme du congrès. Inscription au congrès La date limite pour [&hellip;]</p>
