{"id":265,"date":"2014-04-04T08:03:09","date_gmt":"2014-04-04T08:03:09","guid":{"rendered":"https:\/\/dev1.cief.org\/?page_id=265"},"modified":"2019-06-26T16:25:00","modified_gmt":"2019-06-26T16:25:00","slug":"congres-du-cief","status":"publish","type":"page","link":"https:\/\/dev1.cief.org\/?page_id=265","title":{"rendered":"Congr\u00e8s du CI\u00c9F"},"content":{"rendered":"<p>Depuis sa cr\u00e9ation en 1987 le CI\u00c9F organise chaque ann\u00e9e un congr\u00e8s mondial r\u00e9unissant chercheurs et chercheuses universitaires, critiques litt\u00e9raires, \u00e9crivaines et \u00e9crivains, cin\u00e9astes en provenance de tous les continents. Les congr\u00e8s du CI\u00c9F sont de vrais forums et des f\u00eates de la francophonie o\u00f9, en plus des communications scientifiques pr\u00e9sent\u00e9es, l&rsquo;accent est mis sur la communication entre participantes et participants et avec le milieu o\u00f9 se d\u00e9roule le congr\u00e8s. Le congr\u00e8s comprend des interventions et des lectures d&rsquo;oeuvres par les \u00e9crivaines et \u00e9crivains, qui y participent en grand nombre. Voir, par exemple, les pages sur les <a href=\"http:\/\/cief.org\/congres\/2004\/ecrivains.html\">37 \u00e9crivaines et \u00e9crivains pr\u00e9sents au congr\u00e8s de Li\u00e8ge<\/a>.<\/p>\n<p>Le CI\u00c9F d\u00e9cerne \u00e0 chaque Congr\u00e8s le <a title=\"Prix CI\u00c9F 2014\" href=\"https:\/\/dev1.cief.org\/?page_id=101\">Prix du Conseil International des \u00c9tudes Francophones<\/a> (autrefois nomm\u00e9 Certificat d&rsquo;honneur Maurice Cagnon en hommage \u00e0 Maurice Cagnon, fondateur du CI\u00c9F en 1987). Ce prix r\u00e9compense une, parfois deux personnes pour leur contribution exceptionnelle au d\u00e9veloppement des \u00e9tudes francophones dans le monde.<\/p>\n<p>Afin de promouvoir la francophonie aupr\u00e8s des jeunes chercheur-e-s et de les aider dans leurs \u00e9tudes, un prix de 600 $ US est accord\u00e9 \u00e0 la meilleure communication d&rsquo;un \u00e9tudiant ou d&rsquo;une \u00e9tudiante en doctorat pr\u00e9sent\u00e9e lors de chaque congr\u00e8s. Voir la page consacr\u00e9e au <a title=\"Prix Jeune Chercheur\" href=\"https:\/\/dev1.cief.org\/?page_id=103\">Prix Jeune Chercheur<\/a>.<\/p>\n<p>Une exposition de livres francophones met \u00e0 la disposition des congressistes des ouvrages dont certains sont difficiles \u00e0 obtenir par d&rsquo;autres moyens. Les congressistes sont \u00e9galement invit\u00e9s \u00e0 y apporter leurs propres ouvrages.<\/p>\n<h3>Proposition de destination de congr\u00e8s<\/h3>\n<p>Vous souhaitez proposer une destination pour un congr\u00e8s du CI\u00c9F \u00e0 venir? Avant d&rsquo;entreprendre toute d\u00e9marche,\u00a0 veuillez vous adresser au directeur g\u00e9n\u00e9ral,\u00a0<a href=\"mailto:directeur@cief.org\">Ali Reguigui<\/a> (cliquez sur le lien pour lui envoyer un courriel). Veuillez noter que toute proposition de destination doit comprendre les informations suivantes :<\/p>\n<ol>\n<li>Composition d\u00e9taill\u00e9e du comit\u00e9 local\u00a0;<\/li>\n<li>Pr\u00e9sentation de l\u2019universit\u00e9 (ou autre lieu de rencontre) et de ses infrastructures (salles, \u00e9quipement, ressources, etc.)\u00a0;<\/li>\n<li>Pr\u00e9sentation de la ville, de l\u2019infrastructure h\u00f4teli\u00e8re, des modes transports, des salles de r\u00e9ceptions, des restaurants, etc. ;<\/li>\n<li>Offres de subventions\u00a0en nature ou en esp\u00e8ce (l\u2019universit\u00e9, la mairie, la pr\u00e9fecture, etc.)<\/li>\n<\/ol>\n","protected":false},"excerpt":{"rendered":"<p>Depuis sa cr\u00e9ation en 1987 le CI\u00c9F organise chaque ann\u00e9e un congr\u00e8s mondial r\u00e9unissant chercheurs et chercheuses universitaires, critiques litt\u00e9raires, \u00e9crivaines et \u00e9crivains, cin\u00e9astes en provenance de tous les continents. Les congr\u00e8s du CI\u00c9F sont de vrais forums et des f\u00eates de la francophonie o\u00f9, en plus des communications scientifiques pr\u00e9sent\u00e9es, l&rsquo;accent est mis sur [&hellip;]<\/p>\n","protected":false},"author":1,"featured_media":0,"parent":0,"menu_order":0,"comment_status":"closed","ping_status":"open","template":"page-congres.php","meta":[],"categories":[4,11],"tags":[],"_links":{"self":[{"href":"https:\/\/dev1.cief.org\/index.php?rest_route=\/wp\/v2\/pages\/265"}],"collection":[{"href":"https:\/\/dev1.cief.org\/index.php?rest_route=\/wp\/v2\/pages"}],"about":[{"href":"https:\/\/dev1.cief.org\/index.php?rest_route=\/wp\/v2\/types\/page"}],"author":[{"embeddable":true,"href":"https:\/\/dev1.cief.org\/index.php?rest_route=\/wp\/v2\/users\/1"}],"replies":[{"embeddable":true,"href":"https:\/\/dev1.cief.org\/index.php?rest_route=%2Fwp%2Fv2%2Fcomments&post=265"}],"version-history":[{"count":11,"href":"https:\/\/dev1.cief.org\/index.php?rest_route=\/wp\/v2\/pages\/265\/revisions"}],"predecessor-version":[{"id":84074,"href":"https:\/\/dev1.cief.org\/index.php?rest_route=\/wp\/v2\/pages\/265\/revisions\/84074"}],"wp:attachment":[{"href":"https:\/\/dev1.cief.org\/index.php?rest_route=%2Fwp%2Fv2%2Fmedia&parent=265"}],"wp:term":[{"taxonomy":"category","embeddable":true,"href":"https:\/\/dev1.cief.org\/index.php?rest_route=%2Fwp%2Fv2%2Fcategories&post=265"},{"taxonomy":"post_tag","embeddable":true,"href":"https:\/\/dev1.cief.org\/index.php?rest_route=%2Fwp%2Fv2%2Ftags&post=265"}],"curies":[{"name":"wp","href":"https:\/\/api.w.org\/{rel}","templated":true}]}}