{"id":149,"date":"2014-01-28T16:58:40","date_gmt":"2014-01-28T16:58:40","guid":{"rendered":"https:\/\/dev1.cief.org\/?page_id=149"},"modified":"2019-06-29T16:39:07","modified_gmt":"2019-06-29T16:39:07","slug":"contacts","status":"publish","type":"page","link":"https:\/\/dev1.cief.org\/?page_id=149","title":{"rendered":"Contacts"},"content":{"rendered":"<table class=\"tablestd\" border=\"0\" width=\"100%\" cellpadding=\"10\">\n<tbody>\n<tr>\n<td width=\"50%\"><a id=\"directeur\" name=\"directeur\"><\/a>Pour toute question d&rsquo;ordre g\u00e9n\u00e9ral ayant trait au CI\u00c9F et \u00e0 l&rsquo;organisation g\u00e9n\u00e9rale du congr\u00e8s, contactez:<br \/>\n<strong>le Directeur g\u00e9n\u00e9ral du CI\u00c9F, <\/strong><strong>Ali REGUIGUI <\/strong>(Congr\u00e8s 2020 -)<br \/>\nUniversit\u00e9 Laurentienne<br \/>\nD\u00e9partement d\u2019\u00e9tudes francophones<br \/>\nE-230E, Pavilion Alphonse Raymond, Campus de Sudbury<br \/>\n<a href=\"mailto:directeur@cief.org\">Courriel<\/a>\u00a0(cliquez le lien)<\/td>\n<td width=\"50%\"><a id=\"presidente\" name=\"presidente\"><\/a> Pour toute questions sur le programme du congr\u00e8s annuel, contactez:<br \/>\n<strong>la Pr\u00e9sidente, <\/strong><strong>Oana PANA\u00cfT\u00c9<\/strong> (Congr\u00e8s de 2020 et 2021)<br \/>\nDepartment of French and Italian<br \/>\nIndiana University \u2013 Bloomington<br \/>\nGLobal and International Studies Building<br \/>\n355 North Jordan Avenue<br \/>\nBloomington IN 47405-1105 (USA)<br \/>\n<span style=\"color: #0000ff;\"><a style=\"color: #0000ff;\" href=\"mailto:presidente@cief.org\">Courriel<\/a><\/span> (cliquez le lien)<\/td>\n<\/tr>\n<tr>\n<td><a id=\"vicepresidente\" name=\"vicepresidente\"><\/a>Pour les \u00e9lections annuelles au Conseil d&rsquo;Administration ou le Prix \u00c9tudiant, contactez:<br \/>\n<strong>le Vice-pr\u00e9sident, <\/strong><strong>Fran\u00e7ois OUELLET<\/strong> (Congr\u00e8s de 2020 et 2021)<br \/>\nUniversit\u00e9 du Qu\u00e9bec \u00e0 Chicoutimi<br \/>\nUQAC, 555 boul. de l\u2019Universit\u00e9<br \/>\nChicoutoumi QC, G7H 2B1<br \/>\nCANADA<br \/>\n<span style=\"color: #0000ff;\"><a style=\"color: #0000ff;\" href=\"mailto:vp@cief.org\">Courriel<\/a><\/span> (cliquez le lien)<\/td>\n<td><a id=\"secretaire\" name=\"secretaire\"><\/a>Pour toute question sur l&rsquo;adh\u00e9sion au CI\u00c9F ou l&rsquo;inscription au congr\u00e8s annuel, contactez:<br \/>\n<strong>la Secr\u00e9taire-Tr\u00e9sori\u00e8re Carla CALARG\u00c9<\/strong><br \/>\n(ou voyez <span style=\"color: #0000ff;\"><a style=\"color: #0000ff;\" href=\"http:\/\/www.cief.org\/formulaires.html\">la page des formulaires<\/a><\/span>)<strong>Adresse:<\/strong> CI\u00c9F<br \/>\nCarla CALARG\u00c9<br \/>\nFlorida Atlantic University<br \/>\nDepartment of Languages, Linguistics, and Comparative Literature<br \/>\n777 Glades Road,<br \/>\nBoca Raton, FL 33431 USA<\/p>\n<p><span style=\"color: #0000ff;\"><a style=\"color: #0000ff;\" href=\"mailto:secretaire@cief.org\">Courriel<\/a><\/span> (cliquez le lien)<\/td>\n<\/tr>\n<tr>\n<td colspan=\"2\"><a id=\"redacteur\" name=\"redacteur\"><\/a>Pour toute question sur la revue <em>Nouvelles Etudes Francophones<\/em> (NEF), contactez:<br \/>\n<strong>la R\u00e9dactrice en chef,\u00a0Val\u00e9rie MAGDELAINE-ANDRIANJAFITRIMO<\/strong><br \/>\n(ou voyez <span style=\"color: #0000ff;\"><a style=\"color: #0000ff;\" href=\"http:\/\/www.cief.org\/nef\/index.html\">le site de la revue<\/a><\/span>)<br \/>\nUniversit\u00e9 de La R\u00e9union, 97400 LA R\u00c9UNION<br \/>\n<span style=\"color: #0000ff;\"><a style=\"color: #0000ff;\" href=\"mailto:redactrice@cief.org\">Courriel<\/a><\/span> (cliquez le lien)<\/td>\n<\/tr>\n<\/tbody>\n<\/table>\n","protected":false},"excerpt":{"rendered":"<p>Pour toute question d&rsquo;ordre g\u00e9n\u00e9ral ayant trait au CI\u00c9F et \u00e0 l&rsquo;organisation g\u00e9n\u00e9rale du congr\u00e8s, contactez: le Directeur g\u00e9n\u00e9ral du CI\u00c9F, Ali REGUIGUI (Congr\u00e8s 2020 -) Universit\u00e9 Laurentienne D\u00e9partement d\u2019\u00e9tudes francophones E-230E, Pavilion Alphonse Raymond, Campus de Sudbury Courriel\u00a0(cliquez le lien) Pour toute questions sur le programme du congr\u00e8s annuel, contactez: la Pr\u00e9sidente, Oana PANA\u00cfT\u00c9 [&hellip;]<\/p>\n","protected":false},"author":1,"featured_media":0,"parent":145,"menu_order":0,"comment_status":"open","ping_status":"open","template":"page-full.php","meta":[],"categories":[4],"tags":[],"_links":{"self":[{"href":"https:\/\/dev1.cief.org\/index.php?rest_route=\/wp\/v2\/pages\/149"}],"collection":[{"href":"https:\/\/dev1.cief.org\/index.php?rest_route=\/wp\/v2\/pages"}],"about":[{"href":"https:\/\/dev1.cief.org\/index.php?rest_route=\/wp\/v2\/types\/page"}],"author":[{"embeddable":true,"href":"https:\/\/dev1.cief.org\/index.php?rest_route=\/wp\/v2\/users\/1"}],"replies":[{"embeddable":true,"href":"https:\/\/dev1.cief.org\/index.php?rest_route=%2Fwp%2Fv2%2Fcomments&post=149"}],"version-history":[{"count":7,"href":"https:\/\/dev1.cief.org\/index.php?rest_route=\/wp\/v2\/pages\/149\/revisions"}],"predecessor-version":[{"id":84157,"href":"https:\/\/dev1.cief.org\/index.php?rest_route=\/wp\/v2\/pages\/149\/revisions\/84157"}],"up":[{"embeddable":true,"href":"https:\/\/dev1.cief.org\/index.php?rest_route=\/wp\/v2\/pages\/145"}],"wp:attachment":[{"href":"https:\/\/dev1.cief.org\/index.php?rest_route=%2Fwp%2Fv2%2Fmedia&parent=149"}],"wp:term":[{"taxonomy":"category","embeddable":true,"href":"https:\/\/dev1.cief.org\/index.php?rest_route=%2Fwp%2Fv2%2Fcategories&post=149"},{"taxonomy":"post_tag","embeddable":true,"href":"https:\/\/dev1.cief.org\/index.php?rest_route=%2Fwp%2Fv2%2Ftags&post=149"}],"curies":[{"name":"wp","href":"https:\/\/api.w.org\/{rel}","templated":true}]}}