{"id":115,"date":"2014-01-28T16:41:16","date_gmt":"2014-01-28T16:41:16","guid":{"rendered":"https:\/\/dev1.cief.org\/?page_id=115"},"modified":"2021-06-21T18:54:21","modified_gmt":"2021-06-21T18:54:21","slug":"comite-de-redaction","status":"publish","type":"page","link":"https:\/\/dev1.cief.org\/?page_id=115","title":{"rendered":"L\u2019\u00e9quipe de NEF"},"content":{"rendered":"<h3>La publication de NEF est assur\u00e9e par un Comit\u00e9 de R\u00e9daction, et un Comit\u00e9 des Recensions et Comptes rendus.<\/h3>\n<h2>Comit\u00e9 de R\u00e9daction<\/h2>\n<p><strong>R\u00e9dactrice en chef\u00a0\u00a0<\/strong><br \/>\n<a href=\"mailto:redactrice@cief.org\">Val\u00e9rie Magdelaine-Andrianjafitrimo<\/a>, <em>Universit\u00e9 de La R\u00e9union, laboratoire LCF-EA 4549, La R\u00e9union<\/em><\/p>\n<p><strong>R\u00e9dactrice en chef\u00a0 adjointe<\/strong><br \/>\n<a href=\"mailto:redactrice@cief.org\">Alexandra Gueydan-Turek<\/a>, <em>Swarthmore College, \u00c9tats-Unis<\/em><\/p>\n<p><strong>R\u00e9dactrice adjointe\u00a0\u00a0\u00a0<\/strong><br \/>\n<a href=\"mailto:eloise.brezault@cief.org\">\u00c9lo\u00efse Brezault<\/a>, <em>St. Lawrence University, \u00c9tats-Unis<\/em><\/p>\n<p><strong>Assistante de r\u00e9daction<\/strong><br \/>\nLinda Brindeau, <em>Dickinson College, \u00c9tats-Unis<\/em><\/p>\n<p><strong>Directeur des Recensions et Comptes rendus<\/strong><br \/>\n<a href=\"mailto:recensions.nef@cief.org\">Emmanuel Bruno Jean-Fran\u00e7ois<\/a>, <em>Pennsylvania State University, \u00c9tats-Unis<\/em><\/p>\n<h2>Comit\u00e9 des comptes rendus critiques et des recensions<\/h2>\n<p><strong>Afrique du Nord et Mashreq<\/strong>:<br \/>\nMona El-Khoury, <em>Tufts University, \u00c9tats-Unis<\/em><\/p>\n<p><strong>Cara\u00efbe<\/strong>:<br \/>\n<a href=\"mailto:axel.artheron@gmail.com\">Axel Artheron<\/a>,<em> Universite des Antilles Pole Martinique<br \/>\n<\/em><\/p>\n<p><strong>Europe de l\u2019Ouest<\/strong>:<br \/>\nAnnabel Kim<em>, Harvard University, \u00c9tats-Unis <\/em>(\u00e0 partir du No 37-2)<em><br \/>\n<\/em><\/p>\n<p><strong>Litt\u00e9rature de jeunesse<\/strong>:<br \/>\n<a href=\"mailto:Suzanne.Pouliot@USherbrooke.ca\">Suzanne Pouliot<\/a>, <em>Universit\u00e9 de Sherbrooke, Canada<\/em><\/p>\n<p><strong>Cin\u00e9ma<\/strong>:<br \/>\nErin Tremblay Ponnou-Delaffon , <em>Illinois State <\/em><em>University, \u00c9tats-Unis<\/em><\/p>\n<p><strong>Perspectives crois\u00e9es<\/strong>:<br \/>\n<a href=\"mailto:porra@uni-mainz.de\">V\u00e9ronique Porra<\/a>, <em>Johannes Gutenberg Universit\u00e4t &#8211; Mayence, Allemagne<\/em><\/p>\n<p><strong>Am\u00e9rique du Nord<\/strong>:<br \/>\n<a href=\"mailto:irene.chassaing@umanitoba.ca\">Ir\u00e8ne Chassaing<\/a><em><i>, Universit\u00e9 du Manitoba, Canada\u00a0<\/i><\/em><\/p>\n<p><strong>Afrique Subsaharienne<\/strong>:<br \/>\n<a href=\"mailto:esankara@udel.edu\">Edgard Sankara<\/a><em><i>, Universit\u00e9 du Delaware, \u00c9tats-Unis<br \/>\n<\/i><\/em><\/p>\n<p><strong>Th\u00e9\u00e2tre<\/strong>:<br \/>\n<a href=\"mailto:louarn@uwosh.edu\">Nadia Louar<\/a>, <em>University of Wisconsin-Oshkosh, \u00c9tats-Unis<\/em><\/p>\n<p><strong>Oc\u00e9an Indien<\/strong>:<br \/>\nMagali Compan, <em>William and Mary University, \u00c9tats-Unis<\/em><\/p>\n","protected":false},"excerpt":{"rendered":"<p>La publication de NEF est assur\u00e9e par un Comit\u00e9 de R\u00e9daction, et un Comit\u00e9 des Recensions et Comptes rendus. Comit\u00e9 de R\u00e9daction R\u00e9dactrice en chef\u00a0\u00a0 Val\u00e9rie Magdelaine-Andrianjafitrimo, Universit\u00e9 de La R\u00e9union, laboratoire LCF-EA 4549, La R\u00e9union R\u00e9dactrice en chef\u00a0 adjointe Alexandra Gueydan-Turek, Swarthmore College, \u00c9tats-Unis R\u00e9dactrice adjointe\u00a0\u00a0\u00a0 \u00c9lo\u00efse Brezault, St. Lawrence University, \u00c9tats-Unis Assistante de [&hellip;]<\/p>\n","protected":false},"author":1,"featured_media":0,"parent":112,"menu_order":0,"comment_status":"open","ping_status":"open","template":"page-nef.php","meta":[],"categories":[5],"tags":[],"_links":{"self":[{"href":"https:\/\/dev1.cief.org\/index.php?rest_route=\/wp\/v2\/pages\/115"}],"collection":[{"href":"https:\/\/dev1.cief.org\/index.php?rest_route=\/wp\/v2\/pages"}],"about":[{"href":"https:\/\/dev1.cief.org\/index.php?rest_route=\/wp\/v2\/types\/page"}],"author":[{"embeddable":true,"href":"https:\/\/dev1.cief.org\/index.php?rest_route=\/wp\/v2\/users\/1"}],"replies":[{"embeddable":true,"href":"https:\/\/dev1.cief.org\/index.php?rest_route=%2Fwp%2Fv2%2Fcomments&post=115"}],"version-history":[{"count":35,"href":"https:\/\/dev1.cief.org\/index.php?rest_route=\/wp\/v2\/pages\/115\/revisions"}],"predecessor-version":[{"id":155044,"href":"https:\/\/dev1.cief.org\/index.php?rest_route=\/wp\/v2\/pages\/115\/revisions\/155044"}],"up":[{"embeddable":true,"href":"https:\/\/dev1.cief.org\/index.php?rest_route=\/wp\/v2\/pages\/112"}],"wp:attachment":[{"href":"https:\/\/dev1.cief.org\/index.php?rest_route=%2Fwp%2Fv2%2Fmedia&parent=115"}],"wp:term":[{"taxonomy":"category","embeddable":true,"href":"https:\/\/dev1.cief.org\/index.php?rest_route=%2Fwp%2Fv2%2Fcategories&post=115"},{"taxonomy":"post_tag","embeddable":true,"href":"https:\/\/dev1.cief.org\/index.php?rest_route=%2Fwp%2Fv2%2Ftags&post=115"}],"curies":[{"name":"wp","href":"https:\/\/api.w.org\/{rel}","templated":true}]}}